. What is the highest common divisor of r and 154?
14
Suppose 2*d - 2*c - 206 = 0, 10*c = -4*d + 15*c + 413. What is the highest common factor of 6 and d?
6
Suppose -562 = -b - 470. Calculate the greatest common divisor of b and 2484.
92
Let h = -389 + 489. Calculate the highest common factor of h and 175.
25
Suppose -7 + 3 = -x. Let n = 3 + 1. Suppose -3 - 13 = -n*h. What is the highest common divisor of x and h?
4
Let u be (-32)/(2*4/(-88)). Let t be (9/(-18))/((-2)/u). Calculate the greatest common factor of 11 and t.
11
Suppose 2*y + 3*n - 72 = 0, -105 = -4*y + y - 3*n. Let l(d) = 4*d - 5. Let f be l(2). Calculate the greatest common divisor of y and f.
3
Let n = 505 - 469. What is the highest common divisor of n and 4?
4
Let d(y) = -y**2 + 30. Let u(r) = -r**3 - 4*r**2 - 2*r - 31. Let h be u(-5). Let q be d(h). Calculate the highest common factor of q and 70.
14
Suppose 3*x - 900 = -12*j, j - 57 = -3*x + 7. Let d = 8 + -4. Calculate the greatest common factor of d and j.
4
Let k(y) = 2*y**2 + 2*y + 3. Let v be k(-2). Suppose 3*n - 1138 + 949 = 0. What is the highest common divisor of n and v?
7
Let j be (4 + 30)*(-5)/10. Let y = 27 + j. Suppose 252 = -8*t + y*t. What is the greatest common divisor of 21 and t?
21
Let a be (5/(-3))/(18/(-1188)). Suppose 0 = -4*k + 250 + a. Let m be (-1 - -2) + (33 - -2). What is the highest common factor of k and m?
18
Let g be (6 + 66/(-12))/(3/1716). Calculate the greatest common divisor of 154 and g.
22
Suppose -3*n + 3*q - 6 = -126, 4*n = -3*q + 195. Calculate the greatest common divisor of 36 and n.
9
Let o = -245 + 357. Let p be ((-5)/(-10))/((-1)/(-56)). Calculate the greatest common factor of o and p.
28
Let v(m) = -2*m**3 - 43*m**2 - 83*m - 1. Let d be v(-2). What is the greatest common factor of 1161 and d?
9
Let j = -1293 - -1310. Calculate the highest common divisor of 221 and j.
17
Suppose -r = -0*r - l - 3, l - 1 = -r. Suppose 6 = -2*n, 0 = 4*u - r*n - 14 - 216. Suppose -w = w - 16. What is the highest common divisor of w and u?
8
Suppose -j = 2*s - 22, -4*j - 9*s + 4*s + 91 = 0. What is the greatest common divisor of 32 and j?
8
Let r(m) = -2*m + 76. Let q(s) = -5*s - 46. Let a be q(-14). Let h be r(a). Calculate the greatest common divisor of 21 and h.
7
Suppose -44 - 40 = -3*s. Suppose 5*x - 18 = -4*a + 3*x, 0 = -a + 4*x. Suppose -88 - 80 = -a*f. What is the highest common factor of f and s?
14
Suppose -4*b = -k + 44, -3*k + 16*b - 12*b + 92 = 0. Calculate the highest common divisor of 52 and k.
4
Let o(w) = -25*w + 5. Let m be o(-1). Calculate the greatest common factor of m and 30.
30
Let n(z) = z**3 - 3*z**2 + 2*z + 5. Let t be n(3). Suppose -3*j = -r + 178, -5*r - 920 = -10*r + 5*j. What is the greatest common divisor of r and t?
11
Let t be 4*(-1 - (-254)/8). Let v(a) = -9*a + 14. Let p be v(-3). What is the highest common divisor of p and t?
41
Let s be (-18)/72 + 1901/4. Calculate the greatest common factor of 25 and s.
25
Let t(z) = z + 1. Let y(l) = -18*l + 20*l - 61 + 2*l**2 - l**2. Let d(m) = 2*t(m) - y(m). Let x be d(0). What is the greatest common divisor of 9 and x?
9
Let f(q) = 4*q + 34. Let h be f(0). What is the greatest common divisor of 782 and h?
34
Suppose 4 = -4*o - 4. Let g be (-2 - (0 + o)) + 44. Let q = 89 - g. Calculate the greatest common factor of q and 30.
15
Let t be (407/(-22))/(1/(-6)). What is the greatest common factor of 37 and t?
37
Let i = 11 + -7. Let m be 1477/(-21) + i/(-6). Let y = 134 + m. Calculate the highest common divisor of 9 and y.
9
Suppose -7 = -t + 587. Suppose 0 = -4*y + t + 206. What is the highest common divisor of y and 80?
40
Let l(i) = i**3 - 3*i**2 - 4*i + 190. Let n be l(0). What is the greatest common factor of n and 10?
10
Let i be (1/2)/(4/136). Suppose -2*c - i = -5*k - 0*k, 5*c + 3*k - 35 = 0. Let n = -49 - -93. Calculate the highest common factor of c and n.
4
Let g(j) = -105*j. Let b be g(-2). Suppose 2*i - i + 2*t = 42, 0 = -5*i + 5*t + b. Let d be ((-12)/7)/((-2)/7). Calculate the greatest common factor of i and d.
6
Let c(b) = -2*b**2 - b + 12. Let v(a) = -a**2 + a. Let m(z) = c(z) - 3*v(z). Let p be m(3). What is the highest common factor of p and 15?
3
Let y = -120 + 314. Let g be 0 - (12/2 + -9). Suppose -2*h = 5*q - 152, 3*h - 4*q - y = -g*q. Calculate the highest common factor of 44 and h.
22
Suppose -43 = 5*x - 8. Let w(n) = -n**3 - 6*n**2 - n - 17. Let g be w(x). What is the highest common factor of g and 52?
13
Let v be (-15 - (-182)/14)*25/(-2). What is the greatest common factor of v and 2675?
25
Let u be 2/3*3*(-172)/4. Suppose -370 = 5*w + 340. Let g = u - w. What is the highest common divisor of 7 and g?
7
Suppose 44 = 2*a - 4*i, 2*a - 3*i = -a + 78. Suppose 0 = -10*n + 5*n + a. Calculate the highest common factor of 42 and n.
6
Let i be (-286)/(-26) - (-18)/(-2). Let x be 4*(2 + (-2)/(-4)). Calculate the highest common divisor of i and x.
2
Suppose -4*r = -5*l + 208, -3*l + 0*l + 3*r = -126. Let t be 16/l + 94/(-10). Let g = t + 27. Calculate the greatest common factor of g and 144.
18
Let m = -643 - -690. Calculate the highest common factor of 1269 and m.
47
Let a(f) = 6*f - 18. Let q be a(5). Let o be 186*((-3)/6 - (-10)/q). What is the highest common factor of 93 and o?
31
Suppose 17*p - 21*p = -44. Suppose -5*v + r - 6*r = 5, 5*r + p = -2*v. Calculate the highest common divisor of v and 10.
2
Suppose 3 - 17 = -2*t + q, 0 = -t - 5*q - 4. Suppose -t*x + 80 = -x. Let b = 22 - x. What is the highest common factor of 42 and b?
6
Let j(s) = 10*s**2 - s - 4. Let m be j(-1). Suppose -y - 20 = 3*y. Let l = m - y. What is the greatest common factor of l and 96?
12
Let f(k) = -k**2 + 24*k - 88. Let j be f(17). What is the greatest common factor of j and 527?
31
Let j = -431 - -443. Calculate the greatest common factor of j and 492.
12
Suppose 4*u - 15 = -3. Let i be -1*u/(0 - 1). Let a be 2*i*14/6. Calculate the highest common factor of 98 and a.
14
Let p be (4/(-14))/(8/(-224)). Calculate the greatest common divisor of 184 and p.
8
Let a(t) = -t - 13 + 12 + 6. Let p be a(-6). Suppose 4*y - 256 = 4*k - 40, k - 166 = -3*y. What is the greatest common factor of y and p?
11
Let z = -1842 + 1852. What is the highest common factor of 40 and z?
10
Let m = -237 - -244. Calculate the greatest common divisor of 168 and m.
7
Let h(m) = -23*m + 55. Let n be h(-34). What is the highest common factor of n and 31?
31
Let h = -4 + 10. Suppose 5*d = -j + 9, -3 + 2 = -d. What is the greatest common divisor of h and j?
2
Suppose 771 + 69 = 10*y. Calculate the greatest common factor of y and 231.
21
Let o(l) = -l**2. Let k be o(0). Suppose -p = 0, 4*x + 4*p - 3*p - 64 = k. What is the highest common factor of x and 2?
2
Suppose -2*f + f - 101 = -4*o, 0 = -4*o - 4*f + 76. Suppose 5*y - o - 81 = 0. Suppose -2*w = -69 - y. Calculate the highest common factor of w and 15.
15
Let r(j) = -27*j - 13 + 54*j - 26*j. Let g be r(7). Let h = 6 - g. What is the greatest common divisor of 96 and h?
12
Let c(v) = -2*v + 2. Let u be c(-1). Suppose -4*q = -3*y + 441, -15 = y + 2*y. Let r be 2/(-6) - q/18. What is the highest common divisor of u and r?
2
Let g = 15 + -7. Let i = -61 - -93. Calculate the highest common factor of g and i.
8
Let d = -28 + 20. Let t = d - -13. Let l be (-9 + (8 - -4))*(-100)/(-6). What is the greatest common divisor of t and l?
5
Let z = -1356 + 1885. Calculate the highest common divisor of z and 23.
23
Suppose -5*a = -54 - 51. Let c be (360/a)/((-2)/(-28)). Suppose 3*i = 6*i - c. What is the highest common divisor of i and 32?
16
Let i = -78 - -193. Suppose -2*c - 3*c - i = -5*h, -2 = -c. Suppose x - 6*x + 89 = k, 0 = 5*x - h. What is the highest common factor of 160 and k?
32
Suppose -x - 5*y + 18 = 0, 2*x - 9 = -0*x - y. Let u = 7 - x. Suppose 202 = u*q - 238. Calculate the greatest common divisor of 22 and q.
22
Suppose 10 = 4*v + v. Let p be 52/v + 4*(-3)/(-12). What is the highest common factor of p and 216?
27
Let c be 3/(-6)*8 + 57. Calculate the greatest common divisor of 159 and c.
53
Let y(s) = -s**2 + 9*s - 2. Let z be y(5). Let n = -124 + 126. Suppose 289 = n*v - 107. Calculate the highest common divisor of z and v.
18
Let h be (-830)/(-8) - 55/(-176)*4. Suppose -2*m + 0*m = -84. Calculate the greatest c